ghest common divisor of y and 130?
26
Let o = -4 - -5. Let g(a) = 2*a**3 - a**2 - a + 1. Let m be g(o). Let r be 5/10*(19 - m). Calculate the highest common divisor of r and 9.
9
Let r(m) = -m**2 + 3*m + 4. Let n be r(3). Suppose -16 + n = -4*a. Let k = -58 + 67. What is the highest common divisor of a and k?
3
Let a(h) = 3*h + 2. Let n be a(16). What is the greatest common factor of 80 and n?
10
Let p(b) = 4*b + 1702. Let a be p(0). What is the highest common divisor of 74 and a?
74
Let b be 74 + 3 - (12 - 6). What is the greatest common divisor of 1 and b?
1
Suppose 13*i - 663 = -78. Suppose 0 = -0*v - 4*v + 8. Suppose v*p = -p + 90. Calculate the greatest common divisor of p and i.
15
Let g(r) = 2*r - 18. Let m be g(-11). Let l = 72 + m. What is the highest common divisor of l and 32?
32
Suppose s = -3*s - 16. Let b be s/(4*(-2)/132). Suppose 0 = -6*o - 45 + 177. What is the highest common factor of b and o?
22
Let m(y) = -y**2 - 12*y + 17. Let l be m(-13). Suppose 12 - l = g. What is the greatest common factor of 36 and g?
4
Let n be -1 + 134 + (-168 - -165). What is the greatest common factor of n and 52?
26
Let x = -52 + 55. Suppose -3*z + 39 = -x*o, -z + 0*o = -4*o - 25. What is the greatest common divisor of z and 99?
9
Suppose -m + 4*m = 3*c - 75, -2*c + 3*m = -52. What is the greatest common factor of c and 207?
23
Suppose 3*c - 29 - 7 = 0. Let q(d) = 2*d**2 - 11*d + 10. Let b be q(7). Let p = -19 + b. What is the highest common divisor of c and p?
12
Let l = 56 - 43. Let i = -9 + 16. Let a = l - i. What is the greatest common divisor of 24 and a?
6
Suppose 168*a - 176*a + 1200 = 0. What is the greatest common divisor of a and 12?
6
Let r(l) = l**2 - 2*l + 4. Let m = 7 + -3. Let s be r(m). Let p = s + -2. Calculate the greatest common factor of 5 and p.
5
Suppose -19*j + 23 = -20*j. Let o = j - -121. What is the highest common factor of 14 and o?
14
Let l be (14/3)/((-24)/(-36)). Suppose 64*u - 23*u - 2583 = 0. Calculate the greatest common divisor of l and u.
7
Let j(i) = 4*i**3 - 10*i**2 - 6*i + 5. Let h be j(5). Let z(c) = 5*c + 5. Let x be z(4). What is the highest common divisor of x and h?
25
Suppose 97 = 9*v - 65. Calculate the highest common divisor of v and 666.
18
Let m be -64*((-21)/3 + 11 + -7). What is the highest common divisor of 80 and m?
16
Suppose -g = -v - 15, 4*g = v - 4*v + 67. Let t = 18 - g. Suppose -4*j + 3*h = -108 - 82, -151 = -3*j - t*h. Calculate the greatest common factor of j and 7.
7
Suppose -4*g + 27 = 3*n, 2*g + 0*g - 11 = -n. Let b = 11 + n. Let u be (-58)/(-87) - (-3)/(9/142). What is the greatest common factor of u and b?
16
Suppose 79*n - 106*n = -1404. What is the greatest common divisor of 299 and n?
13
Suppose -4*u - g = -229, 5*u - 255 = 11*g - 6*g. Let d = 13 - 6. Calculate the highest common divisor of d and u.
7
Let h = -537 + 588. Calculate the greatest common divisor of h and 272.
17
Let m = 174 + -161. What is the greatest common factor of 52 and m?
13
Suppose -37*p = -146 - 113. Let s = 7 + 0. What is the highest common factor of s and p?
7
Suppose -12 = -p - 5. Suppose -p*w = -9*w + 128. What is the greatest common factor of w and 8?
8
Let v = 1063 + -969. Calculate the highest common factor of v and 235.
47
Let l be 1*-2*10/(-4). Suppose 4*a - 104 = 4*d, 0*a = -l*a - 5*d + 140. Calculate the greatest common factor of 45 and a.
9
Let g = -135 - -215. What is the highest common divisor of 60 and g?
20
Suppose g = 29 - 18. Let p be 178/2 + -2 + 1. Calculate the highest common factor of g and p.
11
Let s = -134 - -140. Suppose 5*q - 320 = 880. Suppose x + q = s*x. Calculate the highest common factor of 32 and x.
16
Let z = 191 + -39. What is the highest common factor of 57 and z?
19
Let o be (0 + -5*((-215)/(-50) - 5))*2. Suppose h - 29 = -2*j + j, -5*h = 3*j - 89. What is the greatest common divisor of o and j?
7
Suppose 0 = 2*f - 7 - 1, 4*p + 3*f = 188. Let r = p + -33. Calculate the greatest common divisor of r and 99.
11
Suppose -3*w = 2*w, w + 108 = 4*h. Calculate the highest common factor of 513 and h.
27
Let h = -47 - -107. Let t = h - 38. Calculate the greatest common divisor of t and 88.
22
Let a be ((-42)/49)/((-6)/56). Let x = 110 - 98. Calculate the greatest common factor of x and a.
4
Suppose -178 = -4*v - 0*l + l, -8 = -4*l. Suppose 8 = 4*d, -2*a + 7*a - 17 = 4*d. What is the highest common factor of v and a?
5
Let r(n) = -n**2 + 10*n - 4. Let m be r(10). Let q be 12/m + (-30)/(-3). Let a be 79 + 4 + -2 + -4. What is the highest common divisor of q and a?
7
Let s(g) = g**3 + 9*g**2 - 3*g - 3. Let p be s(-9). Suppose 0*m + 2*m = -2*v + 16, 0 = -4*m + 2*v + 20. What is the highest common factor of p and m?
6
Let r(p) = 2*p**3 + 25*p**2 + 9*p - 26. Let s be r(-12). Suppose -3*j = -4*j + 50. What is the highest common factor of s and j?
10
Suppose -1 = -3*k + 14. Suppose -27 = -k*y + 2*y. Calculate the greatest common factor of y and 81.
9
Let t = 16 - 11. Let c(q) = -q - 21. Let r be c(-7). Let l = r - -19. Calculate the greatest common factor of l and t.
5
Suppose 2*g - 4*g = -48. Suppose 0 = -10*v + 1118 - 278. What is the greatest common factor of g and v?
12
Suppose -4*s + 326 = -22. What is the highest common divisor of 145 and s?
29
Let k(p) = -2*p**2 + 21*p - 11. Let f be k(5). What is the highest common factor of f and 319?
11
Suppose 146 + 58 = 4*g. Suppose 21 = 12*l - g. What is the highest common divisor of 21 and l?
3
Suppose 4*u = 2*k, u = -4*k + 10 + 8. Suppose -5 = -k*h + 39. Suppose 0 = -j + 3*j - 8, 4*a = 3*j + 384. Calculate the highest common divisor of a and h.
11
Let k(h) = -h**3 + 2*h**2 + 3*h + 3. Let z be k(3). Suppose 126 = z*d + 6. What is the highest common factor of d and 16?
8
Suppose -k + 12 = -2*l, k - 7*l + 18 = -11*l. Suppose -k*t = -0*t - 24. What is the highest common factor of 132 and t?
12
Let j = -101 + 164. Let g = 23 + -30. Let k(n) = -2*n - 7. Let i be k(g). What is the highest common divisor of j and i?
7
Let f(c) = c**2 + 2*c - 1. Let w = 21 - 30. Let q(g) = g + 5. Let y be q(w). Let d be f(y). What is the greatest common divisor of d and 7?
7
Suppose 5*v + g + 3*g = 32, -6 = -2*g. Suppose -2*d + 5*d - 153 = -2*x, 0 = -5*x - v*d + 400. Calculate the highest common factor of 126 and x.
42
Let z = 21 - 10. Suppose 50 = 2*x + i + 3*i, -4*x = 2*i - 94. Let w = x + -12. Calculate the greatest common divisor of z and w.
11
Let j be -22*((-68)/6)/((-8)/(-6)). What is the highest common factor of j and 44?
11
Let s = 565 + -555. What is the highest common factor of 890 and s?
10
Let t be ((-4)/(-8) - 2)/(6/(-272)). What is the greatest common factor of t and 170?
34
Let u be 34 + 2/1 - 0. Let j be 1/(-2)*9*6/27. Let v be (-78)/(-3) - 2*(j + 2). What is the highest common divisor of v and u?
12
Let o(b) = -b**2 - 18*b + 22. Let i be o(-19). Let j be (14/21)/(4/78). Suppose 0 = 3*k - 50 - j. Calculate the highest common factor of k and i.
3
Let s = 118 + -75. Let u = s + 137. What is the greatest common factor of 20 and u?
20
Let k(v) = -v**3 - 6*v**2 + 4*v + 9. Let n be k(-6). Let w = n - -27. What is the greatest common divisor of w and 30?
6
Let w(o) = -17*o + 17 - o**2 - 5 + 2*o**2 + o**2. Let g be w(8). Let a(q) = 5*q + 12. Let v be a(g). What is the greatest common factor of v and 8?
8
Let b = 11 - 9. Let s(c) = 11*c**3 - 3*c - 2. Let i be s(b). Calculate the greatest common factor of 32 and i.
16
Suppose 13*a = -1046 + 1826. Let f = 0 + 24. What is the greatest common factor of f and a?
12
Suppose 2*l - 441 = -3*x, -2*l = -2*x + 52 - 498. What is the greatest common factor of 6 and l?
6
Suppose 2*g - 55 = 9. Calculate the highest common divisor of 44 and g.
4
Let x(d) = -5*d + 1. Let t be x(4). Let u be (-2 - 1) + (t - -7). Let y = u + 26. What is the highest common divisor of y and 55?
11
Suppose 103*s = 110*s - 5474. Calculate the greatest common divisor of 46 and s.
46
Let l = 95 - 160. Let v = l + 122. Suppose 38 + v = 4*u + 5*m, -2*m = -6. What is the greatest common divisor of u and 30?
10
Suppose -4*m + 90 = 18. Let y = m + -6. Suppose 4*l - y = 0, 4*d = -l - 4*l + 447. Calculate the highest common factor of d and 12.
12
Let t(z) = 100*z - 5. Let d(u) = -100*u + 4. Let a = 15 + -19. Let g(b) = a*t(b) - 5*d(b). Let f be g(1). W